{"id":564,"date":"2025-12-19T17:59:07","date_gmt":"2025-12-19T16:59:07","guid":{"rendered":"https:\/\/arnaudgrob.com\/?page_id=564"},"modified":"2026-03-02T08:00:08","modified_gmt":"2026-03-02T07:00:08","slug":"fr_ressources","status":"publish","type":"page","link":"https:\/\/arnaudgrob.com\/index.php\/fr_ressources\/","title":{"rendered":"Ressources"},"content":{"rendered":"\n<div class=\"wp-block-group alignwide has-foreground-color has-text-color is-layout-flow wp-container-core-group-is-layout-87c8ae1d wp-block-group-is-layout-flow\" style=\"padding-top:0vh;padding-right:var(--wp--preset--spacing--20);padding-bottom:0vh;padding-left:var(--wp--preset--spacing--20)\">\n<p class=\"has-text-align-right has-foreground-color has-text-color has-link-color\"><strong>fran\u00e7ais<\/strong> \/ <a href=\"https:\/\/arnaudgrob.com\/index.php\/en_ressources\/\" data-type=\"page\" data-id=\"1409\">english<\/a> \/ <a href=\"https:\/\/arnaudgrob.com\/index.php\/de_ressources\/\" data-type=\"page\" data-id=\"1454\">deutsch<\/a><\/p>\n\n\n\n<div class=\"wp-block-cover alignwide is-light\" style=\"border-radius:28px;padding-top:0vh;padding-right:0vh;padding-bottom:0vh;padding-left:0vh;min-height:294px;aspect-ratio:unset;\"><img loading=\"lazy\" decoding=\"async\" width=\"1536\" height=\"312\" class=\"wp-block-cover__image-background wp-image-731 size-full\" alt=\"\" src=\"http:\/\/arnaudgrob.com\/wp-content\/uploads\/2026\/01\/banner_ressources.png\" data-object-fit=\"cover\" srcset=\"https:\/\/arnaudgrob.com\/wp-content\/uploads\/2026\/01\/banner_ressources.png 1536w, https:\/\/arnaudgrob.com\/wp-content\/uploads\/2026\/01\/banner_ressources-300x61.png 300w, https:\/\/arnaudgrob.com\/wp-content\/uploads\/2026\/01\/banner_ressources-1024x208.png 1024w, https:\/\/arnaudgrob.com\/wp-content\/uploads\/2026\/01\/banner_ressources-768x156.png 768w\" sizes=\"auto, (max-width: 1536px) 100vw, 1536px\" \/><span aria-hidden=\"true\" class=\"wp-block-cover__background has-quaternary-background-color has-background-dim-0 has-background-dim\"><\/span><div class=\"wp-block-cover__inner-container is-layout-flow wp-block-cover-is-layout-flow\">\n<div class=\"wp-block-group alignwide has-foreground-color has-text-color is-layout-flow wp-container-core-group-is-layout-c0b943fb wp-block-group-is-layout-flow\" style=\"padding-top:0vh;padding-right:var(--wp--preset--spacing--20);padding-bottom:0vh;padding-left:var(--wp--preset--spacing--20)\">\n<p><br><br><br><br><br><br><\/p>\n<\/div>\n<\/div><\/div>\n\n\n\n<hr class=\"wp-block-separator has-text-color has-tertiary-color has-alpha-channel-opacity has-tertiary-background-color has-background is-style-bjork-angled-separator-wide\"\/>\n\n\n\n<h2 class=\"wp-block-heading has-text-align-left has-extra-large-font-size\" id=\"conseil_organisation\">Ressources<\/h2>\n\n\n\n<div class=\"wp-block-columns alignwide is-layout-flex wp-container-core-columns-is-layout-28f84493 wp-block-columns-is-layout-flex\">\n<div class=\"wp-block-column has-foreground-color has-quaternary-background-color has-text-color has-background is-layout-flow wp-block-column-is-layout-flow\">\n<div class=\"wp-block-group has-quaternary-background-color has-background is-layout-flow wp-container-core-group-is-layout-8cfe5ef5 wp-block-group-is-layout-flow\" style=\"margin-top:0px;margin-bottom:0px\">\n<div class=\"wp-block-columns is-layout-flex wp-container-core-columns-is-layout-28f84493 wp-block-columns-is-layout-flex\">\n<div class=\"wp-block-column is-layout-flow wp-block-column-is-layout-flow\" style=\"flex-basis:25%\">\n<figure class=\"wp-block-image size-full\"><img loading=\"lazy\" decoding=\"async\" width=\"576\" height=\"384\" src=\"https:\/\/arnaudgrob.com\/wp-content\/uploads\/2026\/01\/standards2.png\" alt=\"\" class=\"wp-image-1277\" srcset=\"https:\/\/arnaudgrob.com\/wp-content\/uploads\/2026\/01\/standards2.png 576w, https:\/\/arnaudgrob.com\/wp-content\/uploads\/2026\/01\/standards2-300x200.png 300w\" sizes=\"auto, (max-width: 576px) 100vw, 576px\" \/><\/figure>\n<\/div>\n\n\n\n<div class=\"wp-block-column is-layout-flow wp-block-column-is-layout-flow\" style=\"flex-basis:75%\">\n<p><strong>Standards en management de projets<\/strong> <span class=\"has-tiny-font-size\"><br><a href=\"https:\/\/www.pmi.org\/standards\/pmbok\">PMBOK Guide<\/a>, <em>Project Management Institute (PMI)<\/em><br><span class=\"has-tiny-font-size\"><a href=\"https:\/\/ipma.world\/ipma-standards-development-programme\/icb4\/\">International Competence Baseline<\/a>, <em>International Project Management Association (IPMA)<\/em><\/span><br><a href=\"https:\/\/scrumguides.org\/\">Scrum Guides<\/a><br><a href=\"https:\/\/www.peoplecert.org\/browse-certifications\/project-programme-and-portfolio-management\">PRINCE2 certifications<\/a>, <em>PeopleCert<\/em><\/span><\/p>\n<\/div>\n<\/div>\n<\/div>\n<\/div>\n<\/div>\n\n\n\n<div class=\"wp-block-columns alignwide is-layout-flex wp-container-core-columns-is-layout-28f84493 wp-block-columns-is-layout-flex\">\n<div class=\"wp-block-column has-foreground-color has-quaternary-background-color has-text-color has-background is-layout-flow wp-block-column-is-layout-flow\">\n<div class=\"wp-block-group has-quaternary-background-color has-background is-layout-flow wp-container-core-group-is-layout-8cfe5ef5 wp-block-group-is-layout-flow\" style=\"margin-top:0px;margin-bottom:0px\">\n<div class=\"wp-block-columns is-layout-flex wp-container-core-columns-is-layout-28f84493 wp-block-columns-is-layout-flex\">\n<div class=\"wp-block-column is-layout-flow wp-block-column-is-layout-flow\" style=\"flex-basis:25%\">\n<figure class=\"wp-block-image size-full\"><img loading=\"lazy\" decoding=\"async\" width=\"576\" height=\"385\" src=\"https:\/\/arnaudgrob.com\/wp-content\/uploads\/2026\/01\/open_source2.png\" alt=\"\" class=\"wp-image-1278\" srcset=\"https:\/\/arnaudgrob.com\/wp-content\/uploads\/2026\/01\/open_source2.png 576w, https:\/\/arnaudgrob.com\/wp-content\/uploads\/2026\/01\/open_source2-300x201.png 300w\" sizes=\"auto, (max-width: 576px) 100vw, 576px\" \/><\/figure>\n<\/div>\n\n\n\n<div class=\"wp-block-column is-layout-flow wp-block-column-is-layout-flow\" style=\"flex-basis:75%\">\n<p><strong>Logiciels libres sp\u00e9cialis\u00e9s<\/strong><br><span class=\"has-tiny-font-size\">Gestion de projet (alternatives \u00e0 Microsoft Project) : <a href=\"https:\/\/www.ganttproject.biz\/\">Gantt Project<\/a>, <a href=\"https:\/\/www.projectlibre.com\/\">ProjectLibre<\/a> <br>Cartes mentales (alternative \u00e0 Xmind, MindManager) : <a href=\"https:\/\/www.freeplane.org\/\">Freeplane<\/a><br>Diagrammes et organigrammes (alternative \u00e0 Microsoft Visio) : <a href=\"https:\/\/www.drawio.com\/\">draw.io<\/a><\/span><\/p>\n<\/div>\n<\/div>\n<\/div>\n<\/div>\n<\/div>\n\n\n\n<div class=\"wp-block-columns alignwide is-layout-flex wp-container-core-columns-is-layout-28f84493 wp-block-columns-is-layout-flex\">\n<div class=\"wp-block-column has-foreground-color has-quaternary-background-color has-text-color has-background is-layout-flow wp-block-column-is-layout-flow\">\n<div class=\"wp-block-group has-quaternary-background-color has-background is-layout-flow wp-container-core-group-is-layout-8cfe5ef5 wp-block-group-is-layout-flow\" style=\"margin-top:0px;margin-bottom:0px\">\n<div class=\"wp-block-columns is-layout-flex wp-container-core-columns-is-layout-28f84493 wp-block-columns-is-layout-flex\">\n<div class=\"wp-block-column is-layout-flow wp-block-column-is-layout-flow\" style=\"flex-basis:25%\">\n<figure class=\"wp-block-image size-full\"><img loading=\"lazy\" decoding=\"async\" width=\"576\" height=\"384\" src=\"https:\/\/arnaudgrob.com\/wp-content\/uploads\/2026\/01\/revues2.png\" alt=\"\" class=\"wp-image-1279\" srcset=\"https:\/\/arnaudgrob.com\/wp-content\/uploads\/2026\/01\/revues2.png 576w, https:\/\/arnaudgrob.com\/wp-content\/uploads\/2026\/01\/revues2-300x200.png 300w\" sizes=\"auto, (max-width: 576px) 100vw, 576px\" \/><\/figure>\n<\/div>\n\n\n\n<div class=\"wp-block-column is-layout-flow wp-block-column-is-layout-flow\" style=\"flex-basis:75%\">\n<p><strong>Revues acad\u00e9miques et professionnelles<\/strong> <span class=\"has-tiny-font-size\"><br><span class=\"has-tiny-font-size\"><a href=\"https:\/\/www.sciencedirect.com\/journal\/international-journal-of-project-management\">International Journal of Project Management<\/a><span class=\"has-tiny-font-size\"><em>(revue acad\u00e9mique, anglais)<\/em><\/span><br><span class=\"has-tiny-font-size\"><a href=\"https:\/\/www.pmi.org\/learning\/project-management-journal\">Project Management Journal<\/a><\/span> <span class=\"has-tiny-font-size\"><span class=\"has-tiny-font-size\"><span class=\"has-tiny-font-size\"><em>(revue acad\u00e9mique, anglais)<\/em><\/span><\/span><\/span><br><a href=\"https:\/\/www.projektmagazin.de\/\">Projektmagazin<\/a><\/span><\/span> <span class=\"has-tiny-font-size\"><span class=\"has-tiny-font-size\"><span class=\"has-tiny-font-size\"><span class=\"has-tiny-font-size\"><span class=\"has-tiny-font-size\"><em>(portail professionnel, allemand)<\/em><\/span><\/span><\/span><\/span><\/span><\/p>\n<\/div>\n<\/div>\n<\/div>\n<\/div>\n<\/div>\n<\/div>\n","protected":false},"excerpt":{"rendered":"<p>fran\u00e7ais \/ english \/ deutsch Ressources Standards en management de projets PMBOK Guide, Project Management Institute (PMI)International Competence Baseline, International Project Management Association (IPMA)Scrum GuidesPRINCE2 certifications, PeopleCert Logiciels libres sp\u00e9cialis\u00e9sGestion de projet (alternatives \u00e0 Microsoft Project) : Gantt Project, ProjectLibre Cartes mentales (alternative \u00e0 Xmind, MindManager) : FreeplaneDiagrammes et organigrammes (alternative \u00e0 Microsoft Visio) : [&hellip;]<\/p>\n","protected":false},"author":1,"featured_media":0,"parent":0,"menu_order":0,"comment_status":"closed","ping_status":"closed","template":"wp-custom-template-pages-fr","meta":{"footnotes":""},"class_list":["post-564","page","type-page","status-publish","hentry"],"_links":{"self":[{"href":"https:\/\/arnaudgrob.com\/index.php\/wp-json\/wp\/v2\/pages\/564","targetHints":{"allow":["GET"]}}],"collection":[{"href":"https:\/\/arnaudgrob.com\/index.php\/wp-json\/wp\/v2\/pages"}],"about":[{"href":"https:\/\/arnaudgrob.com\/index.php\/wp-json\/wp\/v2\/types\/page"}],"author":[{"embeddable":true,"href":"https:\/\/arnaudgrob.com\/index.php\/wp-json\/wp\/v2\/users\/1"}],"replies":[{"embeddable":true,"href":"https:\/\/arnaudgrob.com\/index.php\/wp-json\/wp\/v2\/comments?post=564"}],"version-history":[{"count":25,"href":"https:\/\/arnaudgrob.com\/index.php\/wp-json\/wp\/v2\/pages\/564\/revisions"}],"predecessor-version":[{"id":2127,"href":"https:\/\/arnaudgrob.com\/index.php\/wp-json\/wp\/v2\/pages\/564\/revisions\/2127"}],"wp:attachment":[{"href":"https:\/\/arnaudgrob.com\/index.php\/wp-json\/wp\/v2\/media?parent=564"}],"curies":[{"name":"wp","href":"https:\/\/api.w.org\/{rel}","templated":true}]}}