{"id":562,"date":"2025-12-19T17:58:29","date_gmt":"2025-12-19T16:58:29","guid":{"rendered":"https:\/\/arnaudgrob.com\/?page_id=562"},"modified":"2026-03-02T07:59:29","modified_gmt":"2026-03-02T06:59:29","slug":"fr_elearning","status":"publish","type":"page","link":"https:\/\/arnaudgrob.com\/index.php\/fr_elearning\/","title":{"rendered":"e-learning"},"content":{"rendered":"\n<div class=\"wp-block-group alignwide has-foreground-color has-text-color is-layout-flow wp-container-core-group-is-layout-87c8ae1d wp-block-group-is-layout-flow\" style=\"padding-top:0vh;padding-right:var(--wp--preset--spacing--20);padding-bottom:0vh;padding-left:var(--wp--preset--spacing--20)\">\n<p class=\"has-text-align-right has-foreground-color has-text-color has-link-color\"><strong>fran\u00e7ais<\/strong> \/ <a href=\"https:\/\/arnaudgrob.com\/index.php\/en_elearning\/\" data-type=\"page\" data-id=\"1402\">english<\/a> \/ <a href=\"https:\/\/arnaudgrob.com\/index.php\/de_elearning\/\" data-type=\"page\" data-id=\"1447\">deutsch<\/a><\/p>\n\n\n\n<div class=\"wp-block-cover alignwide is-light\" style=\"border-radius:28px;padding-top:0vh;padding-right:0vh;padding-bottom:0vh;padding-left:0vh;min-height:294px;aspect-ratio:unset;\"><img loading=\"lazy\" decoding=\"async\" width=\"2560\" height=\"887\" class=\"wp-block-cover__image-background wp-image-578 size-full\" alt=\"\" src=\"http:\/\/arnaudgrob.com\/wp-content\/uploads\/2025\/12\/elearning2.jpeg\" style=\"object-position:15% 50%\" data-object-fit=\"cover\" data-object-position=\"15% 50%\" srcset=\"https:\/\/arnaudgrob.com\/wp-content\/uploads\/2025\/12\/elearning2.jpeg 2560w, https:\/\/arnaudgrob.com\/wp-content\/uploads\/2025\/12\/elearning2-300x104.jpeg 300w, https:\/\/arnaudgrob.com\/wp-content\/uploads\/2025\/12\/elearning2-1024x355.jpeg 1024w, https:\/\/arnaudgrob.com\/wp-content\/uploads\/2025\/12\/elearning2-768x266.jpeg 768w, https:\/\/arnaudgrob.com\/wp-content\/uploads\/2025\/12\/elearning2-1536x532.jpeg 1536w, https:\/\/arnaudgrob.com\/wp-content\/uploads\/2025\/12\/elearning2-2048x710.jpeg 2048w\" sizes=\"auto, (max-width: 2560px) 100vw, 2560px\" \/><span aria-hidden=\"true\" class=\"wp-block-cover__background has-quaternary-background-color has-background-dim-0 has-background-dim\"><\/span><div class=\"wp-block-cover__inner-container is-layout-flow wp-block-cover-is-layout-flow\">\n<div class=\"wp-block-group alignwide has-foreground-color has-text-color is-layout-flow wp-container-core-group-is-layout-c0b943fb wp-block-group-is-layout-flow\" style=\"padding-top:0vh;padding-right:var(--wp--preset--spacing--20);padding-bottom:0vh;padding-left:var(--wp--preset--spacing--20)\">\n<p><br><br><br><br><br><br><\/p>\n<\/div>\n<\/div><\/div>\n\n\n\n<hr class=\"wp-block-separator has-text-color has-tertiary-color has-alpha-channel-opacity has-tertiary-background-color has-background is-style-bjork-angled-separator-wide\"\/>\n\n\n\n<h2 class=\"wp-block-heading has-text-align-left has-extra-large-font-size\" id=\"conseil_organisation\">e-learning<\/h2>\n\n\n\n<p class=\"has-large-font-size\">Au-del\u00e0 des dispositifs e-learning que je con\u00e7ois sur mesure pour mes clients, je suis instructeur LinkedIn Learning depuis 2023, o\u00f9 je propose trois formations en management de projets qui ont d\u00e9j\u00e0 accompagn\u00e9 plus de 60.000 apprenants francophones. Ces modules figurent parmi les plus suivis et les mieux not\u00e9s de la discipline sur cette plateforme (3.600 mentions \u00ab J&#8217;aime \u00bb | note moyenne : 4,6\/5). Deux de ces formations sont accr\u00e9dit\u00e9es par le Project Management Institute (PMI), attestant de leur qualit\u00e9 p\u00e9dagogique et de leur conformit\u00e9 aux standards internationaux.<\/p>\n\n\n\n<div class=\"wp-block-columns alignwide is-layout-flex wp-container-core-columns-is-layout-28f84493 wp-block-columns-is-layout-flex\">\n<div class=\"wp-block-column has-foreground-color has-quaternary-background-color has-text-color has-background is-layout-flow wp-block-column-is-layout-flow\">\n<div class=\"wp-block-group has-quaternary-background-color has-background is-layout-flow wp-container-core-group-is-layout-8cfe5ef5 wp-block-group-is-layout-flow\" style=\"margin-top:0px;margin-bottom:0px\">\n<div class=\"wp-block-columns is-layout-flex wp-container-core-columns-is-layout-28f84493 wp-block-columns-is-layout-flex\">\n<div class=\"wp-block-column is-layout-flow wp-block-column-is-layout-flow\" style=\"flex-basis:25%\">\n<figure class=\"wp-block-image size-large\"><a href=\"https:\/\/fr.linkedin.com\/learning\/les-fondements-de-la-gestion-de-projet-22829409\"><img loading=\"lazy\" decoding=\"async\" width=\"1024\" height=\"567\" src=\"http:\/\/arnaudgrob.com\/wp-content\/uploads\/2026\/01\/LiL_fondamentaux-1-1024x567.png\" alt=\"\" class=\"wp-image-838\" srcset=\"https:\/\/arnaudgrob.com\/wp-content\/uploads\/2026\/01\/LiL_fondamentaux-1-1024x567.png 1024w, https:\/\/arnaudgrob.com\/wp-content\/uploads\/2026\/01\/LiL_fondamentaux-1-300x166.png 300w, https:\/\/arnaudgrob.com\/wp-content\/uploads\/2026\/01\/LiL_fondamentaux-1-768x425.png 768w, https:\/\/arnaudgrob.com\/wp-content\/uploads\/2026\/01\/LiL_fondamentaux-1-1536x850.png 1536w, https:\/\/arnaudgrob.com\/wp-content\/uploads\/2026\/01\/LiL_fondamentaux-1.png 1872w\" sizes=\"auto, (max-width: 1024px) 100vw, 1024px\" \/><\/a><\/figure>\n<\/div>\n\n\n\n<div class=\"wp-block-column is-layout-flow wp-block-column-is-layout-flow\" style=\"flex-basis:75%\">\n<p><strong>Les fondements de la gestion de projet<\/strong> | 1h47\u2019 <br><span class=\"has-tiny-font-size\"><strong>Formation accr\u00e9dit\u00e9e par le Project Management Institute (PDU: 1,75)<\/strong><br> Premi\u00e8re publication : 09\/2023<br> 48.000 apprenants | 3.300 mentions \u00ab J\u2019aime \u00bb | Note 4,6 \/5<\/span><\/p>\n<\/div>\n<\/div>\n<\/div>\n<\/div>\n<\/div>\n\n\n\n<div class=\"wp-block-columns alignwide is-layout-flex wp-container-core-columns-is-layout-28f84493 wp-block-columns-is-layout-flex\">\n<div class=\"wp-block-column has-foreground-color has-quaternary-background-color has-text-color has-background is-layout-flow wp-block-column-is-layout-flow\">\n<div class=\"wp-block-group has-quaternary-background-color has-background is-layout-flow wp-container-core-group-is-layout-8cfe5ef5 wp-block-group-is-layout-flow\" style=\"margin-top:0px;margin-bottom:0px\">\n<div class=\"wp-block-columns is-layout-flex wp-container-core-columns-is-layout-28f84493 wp-block-columns-is-layout-flex\">\n<div class=\"wp-block-column is-layout-flow wp-block-column-is-layout-flow\" style=\"flex-basis:25%\">\n<figure class=\"wp-block-image size-large\"><a href=\"https:\/\/fr.linkedin.com\/learning\/les-fondements-de-la-methode-scrum-14953321\"><img loading=\"lazy\" decoding=\"async\" width=\"1024\" height=\"572\" src=\"http:\/\/arnaudgrob.com\/wp-content\/uploads\/2026\/01\/LiL_Scrum-1-1024x572.png\" alt=\"\" class=\"wp-image-837\" srcset=\"https:\/\/arnaudgrob.com\/wp-content\/uploads\/2026\/01\/LiL_Scrum-1-1024x572.png 1024w, https:\/\/arnaudgrob.com\/wp-content\/uploads\/2026\/01\/LiL_Scrum-1-300x167.png 300w, https:\/\/arnaudgrob.com\/wp-content\/uploads\/2026\/01\/LiL_Scrum-1-768x429.png 768w, https:\/\/arnaudgrob.com\/wp-content\/uploads\/2026\/01\/LiL_Scrum-1-1536x857.png 1536w, https:\/\/arnaudgrob.com\/wp-content\/uploads\/2026\/01\/LiL_Scrum-1.png 1874w\" sizes=\"auto, (max-width: 1024px) 100vw, 1024px\" \/><\/a><\/figure>\n<\/div>\n\n\n\n<div class=\"wp-block-column is-layout-flow wp-block-column-is-layout-flow\" style=\"flex-basis:75%\">\n<p><strong>Les fondements de la m\u00e9thode Scrum<\/strong> | 1h03\u2019 <br><span class=\"has-tiny-font-size\"><strong>Formation accr\u00e9dit\u00e9e par le Project Management Institute (PDU: 1)<\/strong><br> Premi\u00e8re publication : 06\/2023<br> 10.000 apprenants | 290 mentions \u00ab J\u2019aime \u00bb | Note 4,6<\/span><span class=\"has-tiny-font-size\">\/5<\/span><\/p>\n<\/div>\n<\/div>\n<\/div>\n<\/div>\n<\/div>\n\n\n\n<div class=\"wp-block-columns alignwide is-layout-flex wp-container-core-columns-is-layout-28f84493 wp-block-columns-is-layout-flex\">\n<div class=\"wp-block-column has-foreground-color has-quaternary-background-color has-text-color has-background is-layout-flow wp-block-column-is-layout-flow\">\n<div class=\"wp-block-group has-quaternary-background-color has-background is-layout-flow wp-container-core-group-is-layout-8cfe5ef5 wp-block-group-is-layout-flow\" style=\"margin-top:0px;margin-bottom:0px\">\n<div class=\"wp-block-columns is-layout-flex wp-container-core-columns-is-layout-28f84493 wp-block-columns-is-layout-flex\">\n<div class=\"wp-block-column is-layout-flow wp-block-column-is-layout-flow\" style=\"flex-basis:25%\">\n<figure class=\"wp-block-image size-large\"><a href=\"https:\/\/fr.linkedin.com\/learning\/la-gestion-financiere-d-un-projet\/bienvenue-dans-la-gestion-financiere-d-un-projet\"><img loading=\"lazy\" decoding=\"async\" width=\"1024\" height=\"583\" src=\"http:\/\/arnaudgrob.com\/wp-content\/uploads\/2026\/01\/LiL_finances-2-1024x583.png\" alt=\"\" class=\"wp-image-840\" srcset=\"https:\/\/arnaudgrob.com\/wp-content\/uploads\/2026\/01\/LiL_finances-2-1024x583.png 1024w, https:\/\/arnaudgrob.com\/wp-content\/uploads\/2026\/01\/LiL_finances-2-300x171.png 300w, https:\/\/arnaudgrob.com\/wp-content\/uploads\/2026\/01\/LiL_finances-2-768x437.png 768w, https:\/\/arnaudgrob.com\/wp-content\/uploads\/2026\/01\/LiL_finances-2-1536x874.png 1536w, https:\/\/arnaudgrob.com\/wp-content\/uploads\/2026\/01\/LiL_finances-2.png 1870w\" sizes=\"auto, (max-width: 1024px) 100vw, 1024px\" \/><\/a><\/figure>\n<\/div>\n\n\n\n<div class=\"wp-block-column is-layout-flow wp-block-column-is-layout-flow\" style=\"flex-basis:75%\">\n<p><strong>La gestion financi\u00e8re d&#8217;un projet<\/strong> | 58\u2019 <span class=\"has-tiny-font-size\"><br> Premi\u00e8re publication : 09\/2025<br> 650 apprenants | 10 mentions \u00ab J\u2019aime \u00bb | Note 4,6<\/span><span class=\"has-tiny-font-size\">\/5<\/span><\/p>\n<\/div>\n<\/div>\n<\/div>\n<\/div>\n<\/div>\n<\/div>\n","protected":false},"excerpt":{"rendered":"<p>fran\u00e7ais \/ english \/ deutsch e-learning Au-del\u00e0 des dispositifs e-learning que je con\u00e7ois sur mesure pour mes clients, je suis instructeur LinkedIn Learning depuis 2023, o\u00f9 je propose trois formations en management de projets qui ont d\u00e9j\u00e0 accompagn\u00e9 plus de 60.000 apprenants francophones. Ces modules figurent parmi les plus suivis et les mieux not\u00e9s de [&hellip;]<\/p>\n","protected":false},"author":1,"featured_media":0,"parent":0,"menu_order":0,"comment_status":"closed","ping_status":"closed","template":"wp-custom-template-pages-fr","meta":{"footnotes":""},"class_list":["post-562","page","type-page","status-publish","hentry"],"_links":{"self":[{"href":"https:\/\/arnaudgrob.com\/index.php\/wp-json\/wp\/v2\/pages\/562","targetHints":{"allow":["GET"]}}],"collection":[{"href":"https:\/\/arnaudgrob.com\/index.php\/wp-json\/wp\/v2\/pages"}],"about":[{"href":"https:\/\/arnaudgrob.com\/index.php\/wp-json\/wp\/v2\/types\/page"}],"author":[{"embeddable":true,"href":"https:\/\/arnaudgrob.com\/index.php\/wp-json\/wp\/v2\/users\/1"}],"replies":[{"embeddable":true,"href":"https:\/\/arnaudgrob.com\/index.php\/wp-json\/wp\/v2\/comments?post=562"}],"version-history":[{"count":41,"href":"https:\/\/arnaudgrob.com\/index.php\/wp-json\/wp\/v2\/pages\/562\/revisions"}],"predecessor-version":[{"id":2125,"href":"https:\/\/arnaudgrob.com\/index.php\/wp-json\/wp\/v2\/pages\/562\/revisions\/2125"}],"wp:attachment":[{"href":"https:\/\/arnaudgrob.com\/index.php\/wp-json\/wp\/v2\/media?parent=562"}],"curies":[{"name":"wp","href":"https:\/\/api.w.org\/{rel}","templated":true}]}}