{"id":509,"date":"2025-12-19T08:43:14","date_gmt":"2025-12-19T07:43:14","guid":{"rendered":"https:\/\/arnaudgrob.com\/?page_id=509"},"modified":"2026-03-02T07:58:17","modified_gmt":"2026-03-02T06:58:17","slug":"fr_academique1","status":"publish","type":"page","link":"https:\/\/arnaudgrob.com\/index.php\/fr_academique1\/","title":{"rendered":"Direction de master"},"content":{"rendered":"\n<div class=\"wp-block-group alignwide has-foreground-color has-text-color is-layout-flow wp-container-core-group-is-layout-87c8ae1d wp-block-group-is-layout-flow\" style=\"padding-top:0vh;padding-right:var(--wp--preset--spacing--20);padding-bottom:0vh;padding-left:var(--wp--preset--spacing--20)\">\n<p class=\"has-text-align-right has-foreground-color has-text-color has-link-color\"><strong>fran\u00e7ais<\/strong> \/ <a href=\"https:\/\/arnaudgrob.com\/index.php\/en_academique1\/\" data-type=\"page\" data-id=\"1395\">english<\/a> \/ <a href=\"https:\/\/arnaudgrob.com\/index.php\/de_academique1\/\" data-type=\"page\" data-id=\"1440\">deutsch<\/a><\/p>\n\n\n\n<div class=\"wp-block-cover alignwide\" style=\"border-radius:28px;padding-top:0vh;padding-right:0vh;padding-bottom:0vh;padding-left:0vh;min-height:294px;aspect-ratio:unset;\"><img loading=\"lazy\" decoding=\"async\" width=\"2560\" height=\"1491\" class=\"wp-block-cover__image-background wp-image-526 size-full\" alt=\"\" src=\"http:\/\/arnaudgrob.com\/wp-content\/uploads\/2025\/12\/academique2_hd-scaled.jpeg\" style=\"object-position:90% 20%\" data-object-fit=\"cover\" data-object-position=\"90% 20%\" srcset=\"https:\/\/arnaudgrob.com\/wp-content\/uploads\/2025\/12\/academique2_hd-scaled.jpeg 2560w, https:\/\/arnaudgrob.com\/wp-content\/uploads\/2025\/12\/academique2_hd-300x175.jpeg 300w, https:\/\/arnaudgrob.com\/wp-content\/uploads\/2025\/12\/academique2_hd-1024x596.jpeg 1024w, https:\/\/arnaudgrob.com\/wp-content\/uploads\/2025\/12\/academique2_hd-768x447.jpeg 768w, https:\/\/arnaudgrob.com\/wp-content\/uploads\/2025\/12\/academique2_hd-1536x895.jpeg 1536w, https:\/\/arnaudgrob.com\/wp-content\/uploads\/2025\/12\/academique2_hd-2048x1193.jpeg 2048w\" sizes=\"auto, (max-width: 2560px) 100vw, 2560px\" \/><span aria-hidden=\"true\" class=\"wp-block-cover__background has-quaternary-background-color has-background-dim-0 has-background-dim\"><\/span><div class=\"wp-block-cover__inner-container is-layout-flow wp-block-cover-is-layout-flow\">\n<div class=\"wp-block-group alignwide has-foreground-color has-text-color is-layout-flow wp-container-core-group-is-layout-87c8ae1d wp-block-group-is-layout-flow\" style=\"padding-top:0vh;padding-right:var(--wp--preset--spacing--20);padding-bottom:0vh;padding-left:var(--wp--preset--spacing--20)\">\n<div class=\"wp-block-buttons has-custom-font-size has-tiny-font-size is-content-justification-right is-layout-flex wp-container-core-buttons-is-layout-d36ff9ae wp-block-buttons-is-layout-flex\" style=\"padding-right:0;padding-left:0\">\n<div class=\"wp-block-button is-style-outline is-style-outline--1\"><a class=\"wp-block-button__link has-foreground-color has-background-background-color has-text-color has-background has-link-color has-tiny-font-size has-custom-font-size wp-element-button\">Direction de master<\/a><\/div>\n<\/div>\n\n\n\n<div class=\"wp-block-buttons has-custom-font-size has-tiny-font-size is-content-justification-right is-layout-flex wp-container-core-buttons-is-layout-d445cf74 wp-block-buttons-is-layout-flex\">\n<div class=\"wp-block-button\"><a class=\"wp-block-button__link wp-element-button\" href=\"https:\/\/arnaudgrob.com\/index.php\/fr_academique2\" style=\"padding-right:var(--wp--preset--spacing--30);padding-left:var(--wp--preset--spacing--30)\">enseignements<\/a><\/div>\n<\/div>\n\n\n\n<div class=\"wp-block-buttons has-custom-font-size has-tiny-font-size is-content-justification-right is-layout-flex wp-container-core-buttons-is-layout-d445cf74 wp-block-buttons-is-layout-flex\">\n<div class=\"wp-block-button\"><a class=\"wp-block-button__link wp-element-button\" href=\"https:\/\/arnaudgrob.com\/index.php\/fr_academique3\/\">formation acad\u00e9mique<\/a><\/div>\n<\/div>\n<\/div>\n<\/div><\/div>\n\n\n\n<hr class=\"wp-block-separator has-text-color has-tertiary-color has-alpha-channel-opacity has-tertiary-background-color has-background is-style-bjork-angled-separator-wide\"\/>\n\n\n\n<h2 class=\"wp-block-heading has-text-align-left has-extra-large-font-size\" id=\"conseil_organisation\">Direction de master<\/h2>\n\n\n\n<div class=\"wp-block-columns alignwide is-layout-flex wp-container-core-columns-is-layout-993ff0e8 wp-block-columns-is-layout-flex\" style=\"padding-top:0vh;padding-bottom:0vh\">\n<div class=\"wp-block-column is-layout-flow wp-block-column-is-layout-flow\">\n<p class=\"has-text-align-left has-large-font-size\">Directeur du master Management de Projets Internationaux de l&#8217;Universit\u00e9 de Strasbourg depuis 2011, je pilote la strat\u00e9gie acad\u00e9mique et professionnelle du dipl\u00f4me, garantis son excellence p\u00e9dagogique et d\u00e9veloppe un \u00e9cosyst\u00e8me structur\u00e9 (entreprises partenaires, alumni) qui favorise l&#8217;employabilit\u00e9 des \u00e9tudiants et dipl\u00f4m\u00e9s.<\/p>\n<\/div>\n<\/div>\n\n\n\n<div class=\"wp-block-columns alignwide is-layout-flex wp-container-core-columns-is-layout-28f84493 wp-block-columns-is-layout-flex\">\n<div class=\"wp-block-column has-foreground-color has-quaternary-background-color has-text-color has-background is-layout-flow wp-block-column-is-layout-flow\">\n<div class=\"wp-block-group has-quaternary-background-color has-background is-layout-flow wp-container-core-group-is-layout-8cfe5ef5 wp-block-group-is-layout-flow\" style=\"margin-top:0px;margin-bottom:0px\">\n<h6 class=\"wp-block-heading has-text-align-left\" id=\"my-story\" style=\"line-height:1\"><strong><strong><strong>Direction acad\u00e9mique &amp; excellence p\u00e9dagogique<\/strong><\/strong><\/strong><\/h6>\n\n\n\n<p class=\"has-text-align-left\">Dans le cadre de mes responsabilit\u00e9s acad\u00e9miques, je garantis l&#8217;excellence du dipl\u00f4me \u00e0 travers trois missions structurantes : la <strong>s\u00e9lection rigoureuse des candidats<\/strong>, l&#8217;<strong>encadrement m\u00e9thodologique des m\u00e9moires<\/strong> et l\u2019<strong>am\u00e9lioration continue des enseignements<\/strong>.<\/p>\n\n\n\n<div class=\"wp-block-columns is-layout-flex wp-container-core-columns-is-layout-28f84493 wp-block-columns-is-layout-flex\">\n<div class=\"wp-block-column is-layout-flow wp-block-column-is-layout-flow\">\n<p class=\"has-small-font-size\"><img loading=\"lazy\" decoding=\"async\" width=\"16\" height=\"13\" class=\"wp-image-1158\" style=\"width: 16px;\" src=\"http:\/\/arnaudgrob.com\/wp-content\/uploads\/2026\/01\/puce2.png\" alt=\"\"> Afin d\u2019assurer l&#8217;homog\u00e9n\u00e9it\u00e9 des promotions et le maintien d&#8217;un niveau acad\u00e9mique \u00e9lev\u00e9, je participe \u00e0 l&#8217;int\u00e9gralit\u00e9 du processus de s\u00e9lection en master 1, ce qui repr\u00e9sente environ 600 candidatures et 80 entretiens pour chaque promotion.<\/p>\n<\/div>\n\n\n\n<div class=\"wp-block-column is-layout-flow wp-block-column-is-layout-flow\">\n<p class=\"has-small-font-size\"><img loading=\"lazy\" decoding=\"async\" width=\"16\" height=\"13\" class=\"wp-image-1158\" style=\"width: 16px;\" src=\"http:\/\/arnaudgrob.com\/wp-content\/uploads\/2026\/01\/puce2.png\" alt=\"\"> J&#8217;encadre et \u00e9value chaque ann\u00e9e une vingtaine de m\u00e9moires de master 2 sp\u00e9cialis\u00e9s en management de projets. Mon accompagnement couvre l&#8217;int\u00e9gralit\u00e9 du processus, du choix de la probl\u00e9matique jusqu&#8217;au jury de soutenance final, avec un suivi m\u00e9thodologique personnalis\u00e9 et r\u00e9gulier de chaque \u00e9tudiant durant sa p\u00e9riode de stage en entreprise.<\/p>\n<\/div>\n\n\n\n<div class=\"wp-block-column is-layout-flow wp-block-column-is-layout-flow\">\n<p class=\"has-small-font-size\"><img loading=\"lazy\" decoding=\"async\" width=\"16\" height=\"13\" class=\"wp-image-1158\" style=\"width: 16px;\" src=\"http:\/\/arnaudgrob.com\/wp-content\/uploads\/2026\/01\/puce2.png\" alt=\"\"> J&#8217;assure le pilotage strat\u00e9gique et l&#8217;\u00e9volution du dipl\u00f4me \u00e0 travers l&#8217;\u00e9laboration des maquettes p\u00e9dagogiques et plans quadriennaux, garantissant ainsi une ad\u00e9quation entre les enseignements dispens\u00e9s, les comp\u00e9tences d\u00e9velopp\u00e9es et les exigences du monde professionnel.<\/p>\n<\/div>\n<\/div>\n<\/div>\n<\/div>\n<\/div>\n\n\n\n<div class=\"wp-block-columns alignwide is-layout-flex wp-container-core-columns-is-layout-28f84493 wp-block-columns-is-layout-flex\">\n<div class=\"wp-block-column has-foreground-color has-quaternary-background-color has-text-color has-background is-layout-flow wp-block-column-is-layout-flow\">\n<div class=\"wp-block-group has-quaternary-background-color has-background is-layout-flow wp-container-core-group-is-layout-8cfe5ef5 wp-block-group-is-layout-flow\" style=\"margin-top:0px;margin-bottom:0px\">\n<h6 class=\"wp-block-heading has-text-align-left\" id=\"my-story\" style=\"line-height:1\"><strong><strong><strong><strong>Ancrage dans le monde professionnel<\/strong><\/strong><\/strong><\/strong><\/h6>\n\n\n\n<p class=\"has-text-align-left\">Afin de garantir l&#8217;employabilit\u00e9 des \u00e9tudiants, j&#8217;ai d\u00e9velopp\u00e9 autour du dipl\u00f4me un \u00e9cosyst\u00e8me structur\u00e9 reposant sur trois piliers : des <strong>partenariats durables avec des entreprises<\/strong>, une <strong>\u00e9quipe d&#8217;intervenants experts issus du monde professionnel <\/strong>et un <strong>r\u00e9seau actif d\u2019alumni<\/strong>.<\/p>\n\n\n\n<div class=\"wp-block-columns is-layout-flex wp-container-core-columns-is-layout-28f84493 wp-block-columns-is-layout-flex\">\n<div class=\"wp-block-column is-layout-flow wp-block-column-is-layout-flow\">\n<p class=\"has-small-font-size\"><img loading=\"lazy\" decoding=\"async\" width=\"16\" height=\"13\" class=\"wp-image-1158\" style=\"width: 16px;\" src=\"http:\/\/arnaudgrob.com\/wp-content\/uploads\/2026\/01\/puce2.png\" alt=\"\"> J&#8217;ai \u00e9tabli et d\u00e9velopp\u00e9 des partenariats durables avec plusieurs grandes entreprises en France et en Europe, permettant l&#8217;accueil r\u00e9gulier de stagiaires qualifi\u00e9s et le recrutement privil\u00e9gi\u00e9 de jeunes dipl\u00f4m\u00e9s au sein de ces organisations.<\/p>\n<\/div>\n\n\n\n<div class=\"wp-block-column is-layout-flow wp-block-column-is-layout-flow\">\n<p class=\"has-small-font-size\"><img loading=\"lazy\" decoding=\"async\" width=\"16\" height=\"13\" class=\"wp-image-1158\" style=\"width: 16px;\" src=\"http:\/\/arnaudgrob.com\/wp-content\/uploads\/2026\/01\/puce2.png\" alt=\"\"> Responsable des relations avec les charg\u00e9s d&#8217;enseignement, j&#8217;ai recrut\u00e9 et int\u00e9gr\u00e9 \u00e0 l&#8217;\u00e9quipe p\u00e9dagogique des intervenants professionnels reconnus, issus d&#8217;entreprises internationales et d&#8217;organisations de r\u00e9f\u00e9rence, avec un souci constant d&#8217;articuler rigueur acad\u00e9mique et excellence op\u00e9rationnelle dans l&#8217;ensemble des enseignements dispens\u00e9s.<\/p>\n<\/div>\n\n\n\n<div class=\"wp-block-column is-layout-flow wp-block-column-is-layout-flow\">\n<p class=\"has-small-font-size\"><img loading=\"lazy\" decoding=\"async\" width=\"16\" height=\"13\" class=\"wp-image-1158\" style=\"width: 16px;\" src=\"http:\/\/arnaudgrob.com\/wp-content\/uploads\/2026\/01\/puce2.png\" alt=\"\"> J&#8217;ai enfin contribu\u00e9 activement \u00e0 la structuration du r\u00e9seau des anciens dipl\u00f4m\u00e9s du master, comptant pr\u00e8s de 400 alumni occupant des postes \u00e0 responsabilit\u00e9s. Je mobilise r\u00e9guli\u00e8rement ce r\u00e9seau pour diffuser des opportunit\u00e9s de carri\u00e8re cibl\u00e9es et organiser des \u00e9v\u00e9nements professionnels ou conviviaux, maintenant un lien p\u00e9renne entre les promotions successives.<\/p>\n<\/div>\n<\/div>\n<\/div>\n<\/div>\n<\/div>\n<\/div>\n","protected":false},"excerpt":{"rendered":"<p>fran\u00e7ais \/ english \/ deutsch Direction de master Directeur du master Management de Projets Internationaux de l&#8217;Universit\u00e9 de Strasbourg depuis 2011, je pilote la strat\u00e9gie acad\u00e9mique et professionnelle du dipl\u00f4me, garantis son excellence p\u00e9dagogique et d\u00e9veloppe un \u00e9cosyst\u00e8me structur\u00e9 (entreprises partenaires, alumni) qui favorise l&#8217;employabilit\u00e9 des \u00e9tudiants et dipl\u00f4m\u00e9s. Direction acad\u00e9mique &amp; excellence p\u00e9dagogique Dans [&hellip;]<\/p>\n","protected":false},"author":1,"featured_media":0,"parent":0,"menu_order":0,"comment_status":"closed","ping_status":"closed","template":"wp-custom-template-pages-fr","meta":{"footnotes":""},"class_list":["post-509","page","type-page","status-publish","hentry"],"_links":{"self":[{"href":"https:\/\/arnaudgrob.com\/index.php\/wp-json\/wp\/v2\/pages\/509","targetHints":{"allow":["GET"]}}],"collection":[{"href":"https:\/\/arnaudgrob.com\/index.php\/wp-json\/wp\/v2\/pages"}],"about":[{"href":"https:\/\/arnaudgrob.com\/index.php\/wp-json\/wp\/v2\/types\/page"}],"author":[{"embeddable":true,"href":"https:\/\/arnaudgrob.com\/index.php\/wp-json\/wp\/v2\/users\/1"}],"replies":[{"embeddable":true,"href":"https:\/\/arnaudgrob.com\/index.php\/wp-json\/wp\/v2\/comments?post=509"}],"version-history":[{"count":40,"href":"https:\/\/arnaudgrob.com\/index.php\/wp-json\/wp\/v2\/pages\/509\/revisions"}],"predecessor-version":[{"id":2122,"href":"https:\/\/arnaudgrob.com\/index.php\/wp-json\/wp\/v2\/pages\/509\/revisions\/2122"}],"wp:attachment":[{"href":"https:\/\/arnaudgrob.com\/index.php\/wp-json\/wp\/v2\/media?parent=509"}],"curies":[{"name":"wp","href":"https:\/\/api.w.org\/{rel}","templated":true}]}}