{"id":1447,"date":"2026-02-04T18:34:40","date_gmt":"2026-02-04T17:34:40","guid":{"rendered":"https:\/\/arnaudgrob.com\/?page_id=1447"},"modified":"2026-03-02T08:05:27","modified_gmt":"2026-03-02T07:05:27","slug":"de_elearning","status":"publish","type":"page","link":"https:\/\/arnaudgrob.com\/index.php\/de_elearning\/","title":{"rendered":"E-Learning"},"content":{"rendered":"\n<div class=\"wp-block-group alignwide has-foreground-color has-text-color is-layout-flow wp-container-core-group-is-layout-87c8ae1d wp-block-group-is-layout-flow\" style=\"padding-top:0vh;padding-right:var(--wp--preset--spacing--20);padding-bottom:0vh;padding-left:var(--wp--preset--spacing--20)\">\n<p class=\"has-text-align-right has-foreground-color has-text-color has-link-color\"><a href=\"https:\/\/arnaudgrob.com\/index.php\/fr_elearning\/\" data-type=\"page\" data-id=\"562\">fran\u00e7ais<\/a> \/ <a href=\"https:\/\/arnaudgrob.com\/index.php\/en_elearning\/\" data-type=\"page\" data-id=\"1402\">english<\/a> \/ <strong>deutsch<\/strong><\/p>\n\n\n\n<div class=\"wp-block-cover alignwide is-light\" style=\"border-radius:28px;padding-top:0vh;padding-right:0vh;padding-bottom:0vh;padding-left:0vh;min-height:294px;aspect-ratio:unset;\"><img loading=\"lazy\" decoding=\"async\" width=\"2560\" height=\"887\" class=\"wp-block-cover__image-background wp-image-578 size-full\" alt=\"\" src=\"http:\/\/arnaudgrob.com\/wp-content\/uploads\/2025\/12\/elearning2.jpeg\" style=\"object-position:15% 50%\" data-object-fit=\"cover\" data-object-position=\"15% 50%\" srcset=\"https:\/\/arnaudgrob.com\/wp-content\/uploads\/2025\/12\/elearning2.jpeg 2560w, https:\/\/arnaudgrob.com\/wp-content\/uploads\/2025\/12\/elearning2-300x104.jpeg 300w, https:\/\/arnaudgrob.com\/wp-content\/uploads\/2025\/12\/elearning2-1024x355.jpeg 1024w, https:\/\/arnaudgrob.com\/wp-content\/uploads\/2025\/12\/elearning2-768x266.jpeg 768w, https:\/\/arnaudgrob.com\/wp-content\/uploads\/2025\/12\/elearning2-1536x532.jpeg 1536w, https:\/\/arnaudgrob.com\/wp-content\/uploads\/2025\/12\/elearning2-2048x710.jpeg 2048w\" sizes=\"auto, (max-width: 2560px) 100vw, 2560px\" \/><span aria-hidden=\"true\" class=\"wp-block-cover__background has-quaternary-background-color has-background-dim-0 has-background-dim\"><\/span><div class=\"wp-block-cover__inner-container is-layout-flow wp-block-cover-is-layout-flow\">\n<div class=\"wp-block-group alignwide has-foreground-color has-text-color is-layout-flow wp-container-core-group-is-layout-c0b943fb wp-block-group-is-layout-flow\" style=\"padding-top:0vh;padding-right:var(--wp--preset--spacing--20);padding-bottom:0vh;padding-left:var(--wp--preset--spacing--20)\">\n<p><br><br><br><br><br><br><\/p>\n<\/div>\n<\/div><\/div>\n\n\n\n<hr class=\"wp-block-separator has-text-color has-tertiary-color has-alpha-channel-opacity has-tertiary-background-color has-background is-style-bjork-angled-separator-wide\"\/>\n\n\n\n<h2 class=\"wp-block-heading has-text-align-left has-extra-large-font-size\" id=\"conseil_organisation\">E-Learning<\/h2>\n\n\n\n<p class=\"has-large-font-size\">Neben individuell konzipierten E-Learning-Programmen f\u00fcr meine Kunden bin ich seit 2023 franz\u00f6sischsprachiger LinkedIn Learning-Trainer und biete drei Projektmanagement-Kurse an. Diese Module haben bereits \u00fcber 60 000 Lernende erreicht und geh\u00f6ren auf der Plattform zu den beliebtesten und bestbewerteten Kursen der Kategorie Projektmanagement (3 600 Likes | Durchschnittsbewertung 4,6\/5). Zwei davon sind vom Project Management Institute (PMI) akkreditiert, was h\u00f6chste Ausbildungsqualit\u00e4t und \u00dcbereinstimmung mit globalen Standards belegt.<\/p>\n\n\n\n<div class=\"wp-block-columns alignwide is-layout-flex wp-container-core-columns-is-layout-28f84493 wp-block-columns-is-layout-flex\">\n<div class=\"wp-block-column has-foreground-color has-quaternary-background-color has-text-color has-background is-layout-flow wp-block-column-is-layout-flow\">\n<div class=\"wp-block-group has-quaternary-background-color has-background is-layout-flow wp-container-core-group-is-layout-8cfe5ef5 wp-block-group-is-layout-flow\" style=\"margin-top:0px;margin-bottom:0px\">\n<div class=\"wp-block-columns is-layout-flex wp-container-core-columns-is-layout-28f84493 wp-block-columns-is-layout-flex\">\n<div class=\"wp-block-column is-layout-flow wp-block-column-is-layout-flow\" style=\"flex-basis:25%\">\n<figure class=\"wp-block-image size-large\"><a href=\"https:\/\/fr.linkedin.com\/learning\/les-fondements-de-la-gestion-de-projet-22829409\"><img loading=\"lazy\" decoding=\"async\" width=\"1024\" height=\"567\" src=\"http:\/\/arnaudgrob.com\/wp-content\/uploads\/2026\/01\/LiL_fondamentaux-1-1024x567.png\" alt=\"\" class=\"wp-image-838\" srcset=\"https:\/\/arnaudgrob.com\/wp-content\/uploads\/2026\/01\/LiL_fondamentaux-1-1024x567.png 1024w, https:\/\/arnaudgrob.com\/wp-content\/uploads\/2026\/01\/LiL_fondamentaux-1-300x166.png 300w, https:\/\/arnaudgrob.com\/wp-content\/uploads\/2026\/01\/LiL_fondamentaux-1-768x425.png 768w, https:\/\/arnaudgrob.com\/wp-content\/uploads\/2026\/01\/LiL_fondamentaux-1-1536x850.png 1536w, https:\/\/arnaudgrob.com\/wp-content\/uploads\/2026\/01\/LiL_fondamentaux-1.png 1872w\" sizes=\"auto, (max-width: 1024px) 100vw, 1024px\" \/><\/a><\/figure>\n<\/div>\n\n\n\n<div class=\"wp-block-column is-layout-flow wp-block-column-is-layout-flow\" style=\"flex-basis:75%\">\n<p><strong>Les fondements de la gestion de projet<\/strong> | 1:47 Std. <br><span class=\"has-tiny-font-size\"><strong>Akkreditiert durch das Project Management Institute (PDU: 1,75)<\/strong><br> Ver\u00f6ffentlicht: 09\/2023<br> 48 000 Lernende | 3 300 Likes | Bewertung: 4,6\/5<\/span><\/p>\n<\/div>\n<\/div>\n<\/div>\n<\/div>\n<\/div>\n\n\n\n<div class=\"wp-block-columns alignwide is-layout-flex wp-container-core-columns-is-layout-28f84493 wp-block-columns-is-layout-flex\">\n<div class=\"wp-block-column has-foreground-color has-quaternary-background-color has-text-color has-background is-layout-flow wp-block-column-is-layout-flow\">\n<div class=\"wp-block-group has-quaternary-background-color has-background is-layout-flow wp-container-core-group-is-layout-8cfe5ef5 wp-block-group-is-layout-flow\" style=\"margin-top:0px;margin-bottom:0px\">\n<div class=\"wp-block-columns is-layout-flex wp-container-core-columns-is-layout-28f84493 wp-block-columns-is-layout-flex\">\n<div class=\"wp-block-column is-layout-flow wp-block-column-is-layout-flow\" style=\"flex-basis:25%\">\n<figure class=\"wp-block-image size-large\"><a href=\"https:\/\/fr.linkedin.com\/learning\/les-fondements-de-la-methode-scrum-14953321\"><img loading=\"lazy\" decoding=\"async\" width=\"1024\" height=\"572\" src=\"http:\/\/arnaudgrob.com\/wp-content\/uploads\/2026\/01\/LiL_Scrum-1-1024x572.png\" alt=\"\" class=\"wp-image-837\" srcset=\"https:\/\/arnaudgrob.com\/wp-content\/uploads\/2026\/01\/LiL_Scrum-1-1024x572.png 1024w, https:\/\/arnaudgrob.com\/wp-content\/uploads\/2026\/01\/LiL_Scrum-1-300x167.png 300w, https:\/\/arnaudgrob.com\/wp-content\/uploads\/2026\/01\/LiL_Scrum-1-768x429.png 768w, https:\/\/arnaudgrob.com\/wp-content\/uploads\/2026\/01\/LiL_Scrum-1-1536x857.png 1536w, https:\/\/arnaudgrob.com\/wp-content\/uploads\/2026\/01\/LiL_Scrum-1.png 1874w\" sizes=\"auto, (max-width: 1024px) 100vw, 1024px\" \/><\/a><\/figure>\n<\/div>\n\n\n\n<div class=\"wp-block-column is-layout-flow wp-block-column-is-layout-flow\" style=\"flex-basis:75%\">\n<p><strong>Les fondements de la m\u00e9thode Scrum<\/strong> | 1:03 Std. <br><span class=\"has-tiny-font-size\"><strong><span class=\"has-tiny-font-size\"><strong>Akkreditiert durch das Project Management Institute <\/strong><\/span> (PDU: 1)<\/strong><br> <span class=\"has-tiny-font-size\">Ver\u00f6ffentlicht<\/span>: 06\/2023<br> 10 000 Lernende | 290 Likes | Bewertung: 4,6\/5<\/span><\/p>\n<\/div>\n<\/div>\n<\/div>\n<\/div>\n<\/div>\n\n\n\n<div class=\"wp-block-columns alignwide is-layout-flex wp-container-core-columns-is-layout-28f84493 wp-block-columns-is-layout-flex\">\n<div class=\"wp-block-column has-foreground-color has-quaternary-background-color has-text-color has-background is-layout-flow wp-block-column-is-layout-flow\">\n<div class=\"wp-block-group has-quaternary-background-color has-background is-layout-flow wp-container-core-group-is-layout-8cfe5ef5 wp-block-group-is-layout-flow\" style=\"margin-top:0px;margin-bottom:0px\">\n<div class=\"wp-block-columns is-layout-flex wp-container-core-columns-is-layout-28f84493 wp-block-columns-is-layout-flex\">\n<div class=\"wp-block-column is-layout-flow wp-block-column-is-layout-flow\" style=\"flex-basis:25%\">\n<figure class=\"wp-block-image size-large\"><a href=\"https:\/\/fr.linkedin.com\/learning\/la-gestion-financiere-d-un-projet\/bienvenue-dans-la-gestion-financiere-d-un-projet\"><img loading=\"lazy\" decoding=\"async\" width=\"1024\" height=\"583\" src=\"http:\/\/arnaudgrob.com\/wp-content\/uploads\/2026\/01\/LiL_finances-2-1024x583.png\" alt=\"\" class=\"wp-image-840\" srcset=\"https:\/\/arnaudgrob.com\/wp-content\/uploads\/2026\/01\/LiL_finances-2-1024x583.png 1024w, https:\/\/arnaudgrob.com\/wp-content\/uploads\/2026\/01\/LiL_finances-2-300x171.png 300w, https:\/\/arnaudgrob.com\/wp-content\/uploads\/2026\/01\/LiL_finances-2-768x437.png 768w, https:\/\/arnaudgrob.com\/wp-content\/uploads\/2026\/01\/LiL_finances-2-1536x874.png 1536w, https:\/\/arnaudgrob.com\/wp-content\/uploads\/2026\/01\/LiL_finances-2.png 1870w\" sizes=\"auto, (max-width: 1024px) 100vw, 1024px\" \/><\/a><\/figure>\n<\/div>\n\n\n\n<div class=\"wp-block-column is-layout-flow wp-block-column-is-layout-flow\" style=\"flex-basis:75%\">\n<p><strong>La gestion financi\u00e8re d&#8217;un projet<\/strong> | 58 Min. <span class=\"has-tiny-font-size\"><br> <span class=\"has-tiny-font-size\">Ver\u00f6ffentlicht<\/span>: 09\/2025<br> 650 Lernende | 10 Likes | Bewertung: 4,6\/5<\/span><\/p>\n<\/div>\n<\/div>\n<\/div>\n<\/div>\n<\/div>\n<\/div>\n","protected":false},"excerpt":{"rendered":"<p>fran\u00e7ais \/ english \/ deutsch E-Learning Neben individuell konzipierten E-Learning-Programmen f\u00fcr meine Kunden bin ich seit 2023 franz\u00f6sischsprachiger LinkedIn Learning-Trainer und biete drei Projektmanagement-Kurse an. Diese Module haben bereits \u00fcber 60 000 Lernende erreicht und geh\u00f6ren auf der Plattform zu den beliebtesten und bestbewerteten Kursen der Kategorie Projektmanagement (3 600 Likes | Durchschnittsbewertung 4,6\/5). Zwei [&hellip;]<\/p>\n","protected":false},"author":1,"featured_media":0,"parent":0,"menu_order":0,"comment_status":"closed","ping_status":"closed","template":"wp-custom-template-page-en","meta":{"footnotes":""},"class_list":["post-1447","page","type-page","status-publish","hentry"],"_links":{"self":[{"href":"https:\/\/arnaudgrob.com\/index.php\/wp-json\/wp\/v2\/pages\/1447","targetHints":{"allow":["GET"]}}],"collection":[{"href":"https:\/\/arnaudgrob.com\/index.php\/wp-json\/wp\/v2\/pages"}],"about":[{"href":"https:\/\/arnaudgrob.com\/index.php\/wp-json\/wp\/v2\/types\/page"}],"author":[{"embeddable":true,"href":"https:\/\/arnaudgrob.com\/index.php\/wp-json\/wp\/v2\/users\/1"}],"replies":[{"embeddable":true,"href":"https:\/\/arnaudgrob.com\/index.php\/wp-json\/wp\/v2\/comments?post=1447"}],"version-history":[{"count":11,"href":"https:\/\/arnaudgrob.com\/index.php\/wp-json\/wp\/v2\/pages\/1447\/revisions"}],"predecessor-version":[{"id":2139,"href":"https:\/\/arnaudgrob.com\/index.php\/wp-json\/wp\/v2\/pages\/1447\/revisions\/2139"}],"wp:attachment":[{"href":"https:\/\/arnaudgrob.com\/index.php\/wp-json\/wp\/v2\/media?parent=1447"}],"curies":[{"name":"wp","href":"https:\/\/api.w.org\/{rel}","templated":true}]}}